{"id":2,"date":"2021-05-13T13:53:11","date_gmt":"2021-05-13T11:53:11","guid":{"rendered":"https:\/\/dev.digitalcreativelab.co\/blocksybase\/?page_id=2"},"modified":"2025-01-27T10:27:31","modified_gmt":"2025-01-27T10:27:31","slug":"home","status":"publish","type":"page","link":"https:\/\/www.leboiscoudrais.com\/francais\/","title":{"rendered":"Accueil"},"content":{"rendered":"<div class=\"gb-container gb-container-42971a07 alignfull\"><div class=\"gb-inside-container\">\n\n<h1 class=\"gb-headline gb-headline-83b8f2ee gb-headline-text gb-headline-ca58904b\">G\u00eetes et Camping en Bretagne<\/h1>\n\n\n\n<h3 class=\"gb-headline gb-headline-b46021fd gb-headline-text gb-headline-6090ddeb\">Terrain de camping familial dans un environnement tr\u00e8s calme et tranquille, avec un accueil chaleureux.<\/h3>\n\n\n<div class=\"gb-button-wrapper gb-button-wrapper-731405a2 gb-button-wrapper-3c61a1f2\">\n\n<a class=\"gb-button gb-button-d17778b2 gb-button-text gb-button-d0b8cfc5\" href=\"https:\/\/www.leboiscoudrais.com\/francais\/the-gites\/\">Voir les gites<\/a>\n\n\n\n<a class=\"gb-button gb-button-a8c02fad gb-button-text gb-button-d0b8cfc5\" href=\"https:\/\/www.leboiscoudrais.com\/francais\/campsite\/\">Voir le camping<\/a>\n\n<\/div>\n<\/div><\/div>\n\n<div class=\"gb-container gb-container-592b167c gb-container-bcbeb744\"><div class=\"gb-inside-container\">\n\n<h3 class=\"gb-headline gb-headline-3ce2d28b gb-headline-text gb-headline-6090ddeb\">Soyez assur\u00e9 d'un accueil chaleureux et de bonnes vacances pour toute la famille.<\/h3>\n\n\n\n<p>Petit camping paisible, reparti sur 3 zones&nbsp;<a href=\"https:\/\/www.leboiscoudrais.com\/francais\/campsite\/\" data-type=\"page\" data-id=\"211\">campsite<\/a>Id\u00e9al pour les familles pendant les vacances, mais parfait pour les adultes\/ seniors en moyenne saison<\/p>\n\n\n\n<p>Avec&nbsp;<a href=\"https:\/\/www.leboiscoudrais.com\/francais\/the-gites\/\" data-type=\"page\" data-id=\"210\" target=\"_blank\" rel=\"noreferrer noopener\">four gites<\/a>, a&nbsp;<a href=\"https:\/\/www.leboiscoudrais.com\/francais\/campsite\/\" data-type=\"page\" data-id=\"211\" target=\"_blank\" rel=\"noreferrer noopener\">campsite<\/a>Piscine chauff\u00e9e, aire de jeux, caf\u00e9\/bar, arbres ombrag\u00e9s et patios priv\u00e9s&nbsp;<\/p>\n\n\n\n<p>Emplacement central pour explorer les nombreux sites historiques, villes et plages de Ille et Vilaine en Bretagne<\/p>\n\n\n\n<p class=\"gb-headline gb-headline-e008ff74 gb-headline-text gb-headline-2de8a651\"> Le Mont Saint Michel, Rennes, Saint Malo, Dinan et Foug\u00e8res et des belles plages de la\n cote d' Emeraude.<\/p>\n\n\n\n<p class=\"has-text-align-center\"><strong>Aidez une petite entreprise, r\u00e9servez sur notre propre site pour une touche personnelle<\/strong>.<\/p>\n\n\n<div class=\"gb-grid-wrapper gb-grid-wrapper-9c94d4b9\">\n<div class=\"gb-grid-column gb-grid-column-214c16da\"><div class=\"gb-container gb-container-214c16da\"><a class=\"gb-container-link\" href=\"https:\/\/www.leboiscoudrais.com\/francais\/the-gites\/\"><\/a><div class=\"gb-inside-container\">\n\n<h3 class=\"gb-headline gb-headline-ad486cda gb-headline-text gb-headline-54aab724\">Les G\u00eetes<\/h3>\n\n\n\n<p class=\"gb-headline gb-headline-b0128ce4 gb-headline-text gb-headline-2de8a651\">Quatre g\u00eetes en Self-Catering dans un corps de ferme am\u00e9nag\u00e9 <\/p>\n\n<\/div><\/div><\/div>\n\n<div class=\"gb-grid-column gb-grid-column-1ad751ce\"><div class=\"gb-container gb-container-1ad751ce\"><a class=\"gb-container-link\" href=\"https:\/\/www.leboiscoudrais.com\/francais\/campsite\/\"><\/a><div class=\"gb-inside-container\">\n\n<h3 class=\"gb-headline gb-headline-6617c3bd gb-headline-text gb-headline-54aab724\">Camping au Bois Coudrais<\/h3>\n\n\n\n<p class=\"gb-headline gb-headline-7ee324fe gb-headline-text gb-headline-2de8a651\">Petit camping paisible, r\u00e9parti sur 3 zones.<\/p>\n\n<\/div><\/div><\/div>\n<\/div>\n<\/div><\/div>","protected":false},"excerpt":{"rendered":"<p>Holiday Gites and Camping in Brittany Cosy gites, traditional camping, heated pool, a cafe, play areas and animals to feed. A perfect place for a wonderful family holiday. Be sure of a warm welcome and a great holiday for all the family. Small peaceful&nbsp;campsite, spread over 3 areas, ideal for families during the holidays, but [&hellip;]<\/p>\n","protected":false},"author":5,"featured_media":0,"parent":0,"menu_order":0,"comment_status":"closed","ping_status":"closed","template":"","meta":{"footnotes":""},"class_list":["post-2","page","type-page","status-publish","hentry"],"blocksy_meta":{"styles_descriptor":{"styles":{"desktop":"","tablet":"","mobile":""},"google_fonts":[],"version":6},"page_title_panel":"","has_hero_section":"disabled","9e017e56a37eaafb6454bd0513371609":"","hero_section":"type-1","hero_elements":[{"id":"custom_title","enabled":true,"heading_tag":"h1","title":"Accueil"},{"id":"custom_description","enabled":true,"description_visibility":{"desktop":true,"tablet":true,"mobile":false}},{"id":"custom_meta","enabled":false,"meta_elements":[{"id":"author","enabled":true,"label":"By","has_author_avatar":"yes","avatar_size":25},{"id":"post_date","enabled":true,"label":"On","date_format_source":"default","date_format":"M j, Y"},{"id":"updated_date","enabled":false,"label":"On","date_format_source":"default","date_format":"M j, Y"},{"id":"categories","enabled":false,"label":"In","style":"simple"},{"id":"comments","enabled":true}],"page_meta_elements":{"joined":true,"articles_count":true,"comments":true}},{"id":"breadcrumbs","enabled":false}],"a5972628c22d8a59be52c790cb56713b":"","hero_alignment1":"CT_CSS_SKIP_RULE","hero_margin":40,"hero_alignment2":"center","hero_vertical_alignment":"center","898143d7d36b2815c93db9ca0bea7c8d":"","hero_structure":"narrow","0619b6e4aa733832cb57955761d225ca":"","page_title_bg_type":"featured_image","custom_hero_background":{"attachment_id":null},"page_title_image_size":"full","parallax":{"desktop":false,"tablet":false,"mobile":false},"dc1c1ba650f3e3f2bcf0d71db965d825":"","hero_height":"250px","pageTitleFont":{"family":"Default","variation":"Default","size":"30px","line-height":"CT_CSS_SKIP_RULE","letter-spacing":"CT_CSS_SKIP_RULE","text-transform":"CT_CSS_SKIP_RULE","text-decoration":"CT_CSS_SKIP_RULE"},"pageTitleFontColor":{"default":{"color":"CT_CSS_SKIP_RULEDEFAULT"}},"pageMetaFont":{"family":"Default","variation":"n6","size":"12px","line-height":"1.3","letter-spacing":"CT_CSS_SKIP_RULE","text-transform":"uppercase","text-decoration":"CT_CSS_SKIP_RULE"},"pageMetaFontColor":{"default":{"color":"CT_CSS_SKIP_RULEDEFAULT"},"hover":{"color":"CT_CSS_SKIP_RULEDEFAULT"}},"page_meta_button_type_font_colors":{"default":{"color":"CT_CSS_SKIP_RULEDEFAULT"},"hover":{"color":"CT_CSS_SKIP_RULEDEFAULT"}},"page_meta_button_type_background_colors":{"default":{"color":"CT_CSS_SKIP_RULEDEFAULT"},"hover":{"color":"CT_CSS_SKIP_RULEDEFAULT"}},"pageExcerptFont":{"family":"Default","variation":"Default","size":"CT_CSS_SKIP_RULE","line-height":"CT_CSS_SKIP_RULE","letter-spacing":"CT_CSS_SKIP_RULE","text-transform":"CT_CSS_SKIP_RULE","text-decoration":"CT_CSS_SKIP_RULE"},"pageExcerptColor":{"default":{"color":"CT_CSS_SKIP_RULEDEFAULT"}},"breadcrumbsFont":{"family":"Default","variation":"Default","size":"CT_CSS_SKIP_RULE","line-height":"CT_CSS_SKIP_RULE","letter-spacing":"CT_CSS_SKIP_RULE","text-transform":"CT_CSS_SKIP_RULE","text-decoration":"CT_CSS_SKIP_RULE"},"breadcrumbsFontColor":{"default":{"color":"CT_CSS_SKIP_RULEDEFAULT"},"initial":{"color":"CT_CSS_SKIP_RULEDEFAULT"},"hover":{"color":"CT_CSS_SKIP_RULEDEFAULT"}},"pageTitleOverlay":{"background_type":"color","background_pattern":"type-1","background_image":{"attachment_id":null,"x":0,"y":0},"gradient":"linear-gradient(135deg,rgba(6,147,227,1) 0%,rgb(155,81,224) 100%)","background_repeat":"repeat","background_size":"auto","background_attachment":"scroll","patternColor":{"default":{"color":"#e5e7ea"}},"overlayColor":{"default":{"color":"CT_CSS_SKIP_RULE"}},"backgroundColor":{"default":{"color":"CT_CSS_SKIP_RULE"}}},"pageTitleBackground":{"background_type":"color","background_pattern":"type-1","background_image":{"attachment_id":null,"x":0,"y":0},"gradient":"linear-gradient(135deg,rgba(6,147,227,1) 0%,rgb(155,81,224) 100%)","background_repeat":"repeat","background_size":"auto","background_attachment":"scroll","patternColor":{"default":{"color":"#e5e7ea"}},"overlayColor":{"default":{"color":"CT_CSS_SKIP_RULE"}},"backgroundColor":{"default":{"color":"var(--theme-palette-color-6)"}}},"pageTitlePadding":{"top":"50px","bottom":"50px","left":"auto","right":"auto","linked":true},"50de22ae31f1a3be9e867744c22636ff":"","page_structure_type":"default","ee1ec2594edf581f088e98fee1cd2f22":"","content_style_source":"inherit","content_style":"wide","vertical_spacing_source":"custom","content_area_spacing":"none","background":{"background_type":"color","background_pattern":"type-1","background_image":{"attachment_id":null,"x":0,"y":0},"gradient":"linear-gradient(135deg,rgba(6,147,227,1) 0%,rgb(155,81,224) 100%)","background_repeat":"repeat","background_size":"auto","background_attachment":"scroll","patternColor":{"default":{"color":"#e5e7ea"}},"overlayColor":{"default":{"color":"CT_CSS_SKIP_RULE"}},"backgroundColor":{"default":{"color":"CT_CSS_SKIP_RULE"}}},"content_background":{"background_type":"color","background_pattern":"type-1","background_image":{"attachment_id":null,"x":0,"y":0},"gradient":"linear-gradient(135deg,rgba(6,147,227,1) 0%,rgb(155,81,224) 100%)","background_repeat":"repeat","background_size":"auto","background_attachment":"scroll","patternColor":{"default":{"color":"#e5e7ea"}},"overlayColor":{"default":{"color":"CT_CSS_SKIP_RULE"}},"backgroundColor":{"default":{"color":"var(--theme-palette-color-8)"}}},"content_boxed_shadow":{"inherit":false,"blur":18,"spread":-6,"v_offset":12,"h_offset":0,"inset":false,"enable":true,"color":{"color":"rgba(34, 56, 101, 0.04)"}},"content_boxed_border":{"width":1,"style":"none","color":{"color":"rgba(44,62,80,0.2)"}},"content_boxed_radius":{"top":"3px","bottom":"3px","left":"3px","right":"3px","linked":true},"boxed_content_spacing":{"desktop":{"top":"40px","bottom":"40px","left":"40px","right":"40px","linked":true},"tablet":{"top":"35px","bottom":"35px","left":"35px","right":"35px","linked":true},"mobile":{"top":"20px","bottom":"20px","left":"20px","right":"20px","linked":true}},"ae6e70c2dedbaa80e432b0766634c4e1":"","disable_featured_image":"no","disable_share_box":"no","disable_header":"no","disable_footer":"no","60d1b9f725ef4a3b06119241e79fa662":"","f78e22b68965c18d0272fc2f601f0f73":"","e1e152cad6efcad55b8c28c4fa612c2f":"","67a4d0cce20da0743d4f2b360d5ecf6b":"","00cdb7932de869dcc991f7f039ec23e7":"","fbeae3a1a8b89cc5a0fee3eb68b3787d":"","92df9470d8b178c8e3ee8e16b3e1c7ab":"","86f608eab638c30c8a81e62fd7c71bab":""},"_links":{"self":[{"href":"https:\/\/www.leboiscoudrais.com\/francais\/wp-json\/wp\/v2\/pages\/2","targetHints":{"allow":["GET"]}}],"collection":[{"href":"https:\/\/www.leboiscoudrais.com\/francais\/wp-json\/wp\/v2\/pages"}],"about":[{"href":"https:\/\/www.leboiscoudrais.com\/francais\/wp-json\/wp\/v2\/types\/page"}],"author":[{"embeddable":true,"href":"https:\/\/www.leboiscoudrais.com\/francais\/wp-json\/wp\/v2\/users\/5"}],"replies":[{"embeddable":true,"href":"https:\/\/www.leboiscoudrais.com\/francais\/wp-json\/wp\/v2\/comments?post=2"}],"version-history":[{"count":3,"href":"https:\/\/www.leboiscoudrais.com\/francais\/wp-json\/wp\/v2\/pages\/2\/revisions"}],"predecessor-version":[{"id":990,"href":"https:\/\/www.leboiscoudrais.com\/francais\/wp-json\/wp\/v2\/pages\/2\/revisions\/990"}],"wp:attachment":[{"href":"https:\/\/www.leboiscoudrais.com\/francais\/wp-json\/wp\/v2\/media?parent=2"}],"curies":[{"name":"wp","href":"https:\/\/api.w.org\/{rel}","templated":true}]}}